{"id":14833,"date":"2022-12-16T13:12:00","date_gmt":"2022-12-16T12:12:00","guid":{"rendered":"https:\/\/oi-paris.com\/wordpress\/?page_id=14833"},"modified":"2024-01-15T10:52:38","modified_gmt":"2024-01-15T09:52:38","slug":"nos-valeurs","status":"publish","type":"page","link":"https:\/\/oi-paris.com\/wordpress\/nos-valeurs\/","title":{"rendered":"Nos valeurs"},"content":{"rendered":"\n<p><strong><span style=\"color: #000000;\">Nos valeurs sont :<\/span><\/strong><\/p>\n<ul>\n<li><strong>Le d\u00e9veloppement personnel des adh\u00e9rents dans tous les domaines de la cr\u00e9ativit\u00e9 et de la culture de l&#8217;image ( photographie, audiovisuel et vid\u00e9o )<\/strong><br \/><strong>Il ne s&#8217;agit pas de simplement apprendre \u00e0 faire des photographies en appuyant sur un bouton, mais d&#8217;apprendre \u00e0 cultiver son regard, \u00e0 discuter, \u00e0 construire des projets.<\/strong><\/li>\n<li><strong>Cr\u00e9er et consolider du lien social entre les membres.<\/strong><br \/><strong>Nous proposons de l&#8217;entraide, du soutien, de la collaboration, des relations amicales d\u00e9nu\u00e9es de tout esprit de comp\u00e9tition.<\/strong><\/li>\n<\/ul>\n<p style=\"text-align: center;\"><img loading=\"lazy\" decoding=\"async\" class=\"alignnone size-full wp-image-13133\" src=\"https:\/\/oi-paris.com\/wordpress\/wp-content\/uploads\/2021\/04\/FDP_2526.jpg\" alt=\"\" width=\"1716\" height=\"1080\" \/><\/p>\n","protected":false},"excerpt":{"rendered":"","protected":false},"author":4,"featured_media":0,"parent":0,"menu_order":0,"comment_status":"closed","ping_status":"closed","template":"","meta":{"_acf_changed":false,"_oasis_is_in_workflow":0,"_oasis_original":0,"_uag_custom_page_level_css":"","footnotes":""},"class_list":["post-14833","page","type-page","status-publish","hentry"],"acf":[],"uagb_featured_image_src":{"full":false,"thumbnail":false,"medium":false,"medium_large":false,"large":false,"1536x1536":false,"2048x2048":false,"thumb-small":false,"thumb-standard":false,"thumb-medium":false,"thumb-large":false,"thumb-xlarge":false,"thumb-xxlarge":false,"mailpoet_newsletter_max":false},"uagb_author_info":{"display_name":"Jean Paul Petit","author_link":"https:\/\/oi-paris.com\/wordpress\/author\/jean-paul\/"},"uagb_comment_info":0,"uagb_excerpt":null,"_links":{"self":[{"href":"https:\/\/oi-paris.com\/wordpress\/wp-json\/wp\/v2\/pages\/14833","targetHints":{"allow":["GET"]}}],"collection":[{"href":"https:\/\/oi-paris.com\/wordpress\/wp-json\/wp\/v2\/pages"}],"about":[{"href":"https:\/\/oi-paris.com\/wordpress\/wp-json\/wp\/v2\/types\/page"}],"author":[{"embeddable":true,"href":"https:\/\/oi-paris.com\/wordpress\/wp-json\/wp\/v2\/users\/4"}],"replies":[{"embeddable":true,"href":"https:\/\/oi-paris.com\/wordpress\/wp-json\/wp\/v2\/comments?post=14833"}],"version-history":[{"count":6,"href":"https:\/\/oi-paris.com\/wordpress\/wp-json\/wp\/v2\/pages\/14833\/revisions"}],"predecessor-version":[{"id":16366,"href":"https:\/\/oi-paris.com\/wordpress\/wp-json\/wp\/v2\/pages\/14833\/revisions\/16366"}],"wp:attachment":[{"href":"https:\/\/oi-paris.com\/wordpress\/wp-json\/wp\/v2\/media?parent=14833"}],"curies":[{"name":"wp","href":"https:\/\/api.w.org\/{rel}","templated":true}]}}