{"id":14851,"date":"2022-12-16T14:10:10","date_gmt":"2022-12-16T13:10:10","guid":{"rendered":"https:\/\/oi-paris.com\/wordpress\/?page_id=14851"},"modified":"2024-01-16T12:36:59","modified_gmt":"2024-01-16T11:36:59","slug":"les-reunions","status":"publish","type":"page","link":"https:\/\/oi-paris.com\/wordpress\/les-reunions\/","title":{"rendered":"Les r\u00e9unions"},"content":{"rendered":"\n<p style=\"text-align: left;\"><strong>Les r\u00e9unions se tiennent\u00a0 le mardi soir. Elles commencent \u00e0 19h30. Les portes sont ouvertes d\u00e8s 19h pour permettre aux participants de s&#8217;installer et de bavarder de la pluie et du beau temps. La dur\u00e9e est de l&#8217;ordre de 2h \u00e0 2h30 selon les sujets.<\/strong><\/p>\n<p style=\"text-align: center;\"><strong><span style=\"color: #000000;\">LE MARDI D&#8217;OI<\/span><\/strong><br \/><strong>Premier mardi de chaque mois\u00a0<\/strong><\/p>\n<p><strong>C&#8217;est la r\u00e9union \u00e0 ne pas manquer ! On y parle de ce qui se passe au clubs, des projets d&#8217;activit\u00e9s, de ce qui est int\u00e9ressant \u00e0 visiter, des films \u00e0 ne pas rater. Un adh\u00e9rent pr\u00e9sente un sujet de son choix. Chacun est tenu d&#8217;apporter (ou de t\u00e9l\u00e9charger sur le serveur) trois photos et un &#8220;auto&#8221; portrait.(m\u00eames floues, on adore).<\/strong><\/p>\n<p><strong>Au cours du mardi d&#8217;OI on peut parler de tout, sauf de technique photo. Pas ce soir l\u00e0 en tout cas.<\/strong><\/p>\n<p><strong>La canevas est le suivant :<\/strong><\/p>\n<ul>\n<li><strong><span style=\"color: #000000;\">Accueil des participants \u00e0 partir de 19h &#8211; D\u00e9but de la r\u00e9union \u00e0 19h30.<\/span><\/strong><\/li>\n<li><strong><span style=\"color: #000000;\">Informations sur la vie du club (activit\u00e9s \u00e0 venir, projets en cours, sorties photos, demandes de collaboration, travaux de groupe, etc.).<\/span><\/strong><\/li>\n<li><strong><span style=\"color: #000000;\">Informations culturelles sur les expositions \u00e0 visiter.<\/span><\/strong><\/li>\n<li><strong>On se fait une toile ?\u00a0 Les films du mois \u00e0 voir.<\/strong><\/li>\n<li><strong><span style=\"color: #000000;\">Carte blanche \u00e0 &#8230; (Chaque mois un adh\u00e9rent est sollicit\u00e9 pour pr\u00e9senter un sujet dont il a envie de parler &#8211; montrer ses photos, pr\u00e9senter un ami, son chat, n&#8217;importe quoi pourvu que ce soit int\u00e9ressant)<\/span><span style=\"color: #000000;\"><br \/><\/span><\/strong><\/li>\n<li><strong><span style=\"color: #000000;\">L&#8217;auberge espagnole : Pr\u00e9sentation de photos, diaporama ou film, apport\u00e9es par\u00a0 les participants, selon les r\u00e8gles ci-dessous :<\/span><\/strong>\n<ul>\n<li><strong>Un portrait ou autoportrait<\/strong><\/li>\n<li><strong><span style=\"color: #000000;\">3 images maximum par personne\u00a0<\/span><\/strong><\/li>\n<li><strong><span style=\"color: #000000;\">Discussion avec chaque auteur.<\/span><\/strong><\/li>\n<\/ul>\n<\/li>\n<\/ul>\n<p><strong>A noter qu&#8217;au cours de cette r\u00e9union il n&#8217;est pas permis de discuter de technique photo.<\/strong><\/p>\n<p style=\"padding-left: 30px;\"><strong><span style=\"color: #000000;\">Deux ou trois personne d\u00e9sign\u00e9es par l&#8217;animateur en d\u00e9but de s\u00e9ance, d\u00e9cident de &#8220;l&#8217;\u0153uvre&#8221; la plus int\u00e9ressante de la soir\u00e9e. Son auteur se voit confi\u00e9 la pr\u00e9paration de la carte blanche du mois suivant.<\/span><\/strong><\/p>\n<p style=\"text-align: center;\"><strong><span style=\"color: #ff0000;\">Les r\u00e8gles \u00e0 respecter pour pr\u00e9senter des photos<em><br \/><\/em><\/span><\/strong><\/p>\n<ul>\n<li><strong><span style=\"color: #000000;\">Les photos (3 au maximum) sont \u00e0 envoyer au format jpeg, aux dimensions maximum de 1920 x 1200 pixels, et doivent \u00eatre nomm\u00e9es avec le nom de l\u2019auteur suivi du num\u00e9ro dans lequel elles doivent \u00eatre projet\u00e9es (exemple : Bertheau-Juliette-1.jpg)<\/span><\/strong><\/li>\n<li><strong><span style=\"color: #000000;\">Les diaporamas sont \u00e0 envoyer au format mpeg, mp4 ou wmv.<\/span><\/strong><\/li>\n<li><strong><span style=\"color: #000000;\">Les vid\u00e9os sont \u00e0 envoyer au format mpeg, mp4 ou wmv.<\/span><\/strong><\/li>\n<\/ul>\n<p style=\"text-align: center;\"><strong><span style=\"color: #ff0000;\">Pour fournir ses photos<\/span><\/strong><\/p>\n<ul>\n<li><strong><span style=\"color: #000000;\">solution 1 (la pr\u00e9f\u00e9rable) : d\u00e9poser ses photos sur le serveur du club<\/span><span style=\"color: #000000;\">\u00a0 au plus tard le mardi avant 15h (acc\u00e8s sur demande aupr\u00e8s de <span style=\"text-decoration: underline; color: #0000ff;\"><a style=\"color: #0000ff; text-decoration: underline;\" href=\"mailto:stephane@oi-paris.com\">St\u00e9phane<\/a><\/span>).<\/span><\/strong><\/li>\n<li><strong><span style=\"color: #ff0000;\"><span style=\"color: #000000;\">Solution 2 (de repli) : apporter ses photos sur cl\u00e9 USB le jour m\u00eame, avant 19h15. ( Ne pas jeter la cl\u00e9 nonchalamment sur le bureau, mais la confier \u00e0 l&#8217;op\u00e9rateur du jour avec le sourire).<\/span><\/span><\/strong><\/li>\n<li><strong>Solution 3 (INTERDITE) : les envoyer par mail. Mais elles ne seront pas projet\u00e9es<\/strong><\/li>\n<\/ul>\n<hr \/>\n<p style=\"text-align: center;\"><strong>\u00a0L&#8217;ATELIER PRATIQUE PHOTO<\/strong><br \/><strong>deuxi\u00e8me mardi du mois<\/strong><\/p>\n<p><strong><span style=\"color: #000000;\">O\u00f9 il est permis, voire conseill\u00e9, de parler chiffons, de technique, de partager sa pratique, ses astuces, de demander des conseils techniques ou autres..\u00a0<\/span><\/strong><\/p>\n<ul>\n<li><strong><span style=\"color: #000000;\">Echange d&#8217;informations sur l&#8217;actualit\u00e9 des activit\u00e9s organis\u00e9es par Objectif Image National\u00a0 (salons, stages), et les activit\u00e9s OI Paris (pr\u00e9paration d&#8217;expositions,\u00a0 collaborations)<\/span><\/strong><\/li>\n<li><strong><span style=\"color: #000000;\">Expos\u00e9 technique d&#8217;un quart d&#8217;heure sur un sujet pr\u00e9cis et concis, ou pr\u00e9sentation de sa d\u00e9marche par un participant.<\/span><\/strong><\/li>\n<li><strong>Preparation des sorties photos \u00e0 venir, retour sur les sorties pass\u00e9es<\/strong><\/li>\n<li><strong><span style=\"color: #000000;\">Examen et discussion sur un plan technique sur les\u00a0 photos apport\u00e9es par les participants .<\/span><\/strong><\/li>\n<\/ul>\n<hr \/>\n<p style=\"text-align: center;\"><strong>L&#8217;ATELIER CULTURE D&#8217;IMAGE<\/strong><br \/><strong>Troisi\u00e8me mardi du mois\u00a0<\/strong><\/p>\n<p><strong><span style=\"color: #000000;\">Cette r\u00e9union<\/span> <span style=\"color: #000000;\">est consacr\u00e9 \u00e0 la culture photographique\u00a0 : <\/span><span style=\"color: #000000;\">Plut\u00f4t qu&#8217;un cours, c&#8217;est une invitation modeste \u00e0 prendre des chemins de traverses, \u00e0 vivre une exp\u00e9rience du d\u00e9paysement, \u00e0 sortir de notre zone de confort, par rapport \u00e0 notre regard photographique. <\/span><span style=\"color: #000000;\">Si la photographie est une invention tr\u00e8s r\u00e9cente, elle s&#8217;inscrit dans l&#8217;histoire tr\u00e8s ancienne de l&#8217;image.\u00a0 <br \/>Le d\u00e9roul\u00e9 consiste en une pr\u00e9sentation discussion du sujet du moment, suivi de la projection des exercices propos\u00e9s aux participants. <br \/>La saison 2019-2020 a \u00e9t\u00e9 consacr\u00e9e \u00e0 la photographie japonaise, celle de 2020-2021 \u00e0 la photographie russe et celle de\u00a0 2022-2023 \u00e0 la photographie africaine. Le th\u00e8me de la saison 2023-2024 est une surprise<\/span><\/strong><\/p>\n<p style=\"text-align: center;\"><strong>(compte tenu de l&#8217;ambiance, il est prudent de venir avec son verre, et de temps en temps avec une bouteille)<\/strong><\/p>\n<p style=\"text-align: center;\"><strong><span style=\"color: #000000;\">\u00ab<i>\u00a0Regarder, regarder, jusqu&#8217;\u00e0 ne plus \u00eatre soi-m\u00eame\u00a0<\/i>\u00bb<br \/>Alvaro Mutis.<\/span><\/strong><\/p>\n<hr \/>\n<p style=\"text-align: center;\"><strong>L&#8217;ATELIER PROJETS<\/strong><br \/><strong>Quatri\u00e8me mardi du mois<\/strong><\/p>\n<p><strong>Un projet de film photographique, de vid\u00e9o, de livre, de s\u00e9rie photo, d&#8217;exposition.. <\/strong><br \/><strong>Le porteur du projet (personnel) le pr\u00e9sente et apporte suffisamment de mati\u00e8re pour que les participants puissent en discuter, \u00e9mettre des avis et des suggestions.<\/strong><\/p>\n<p><strong>Afin de pouvoir disposer d&#8217;assez de temps pour chacun, pour \u00e9quilibrer les r\u00e9unions et en informer les adh\u00e9rents, il est pr\u00e9f\u00e9rable de s&#8217;inscrire et prendre date pour pr\u00e9senter son projet.. Contacter <a href=\"jean-paul@oi-paris.com\">Jean-Paul.<\/a> (au plus tard le jeudi pr\u00e9c\u00e9dent)<\/strong><\/p>\n<ul>\n<li><strong><span style=\"color: #000000;\">Echange d&#8217;informations sur les manifestations \u00e0 venir,\u00a0<\/span><\/strong><\/li>\n<li><strong><span style=\"color: #000000;\">Projection, analyse et discussion autour des maquettes de projets en cours\u00a0 propos\u00e9es par les participants (films, livres, etc.).<\/span>.<\/strong><\/li>\n<li><strong>Echange de pratiques et de conseils<\/strong><\/li>\n<\/ul>\n<hr \/>\n<p style=\"text-align: center;\"><strong>LE MARDI BLEU : L&#8217;ACCUEIL\u00a0 D&#8217;UN INVITE<\/strong><br \/><strong>Cinqui\u00e8me mardi des rares\u00a0 mois ou c&#8217;est possible\u00a0<\/strong><\/p>\n<p><strong>Dans l&#8217;ann\u00e9e il ya\u00a0 toujours deux ou trois &#8220;cinqui\u00e8me&#8221; mardis. Pour conserver les bonnes habitudes, ces cinqui\u00e8mes mardis sont l&#8217;occasion de faire plus ample connaissance avec un photographe, un cin\u00e9aste, un invit\u00e9. On l&#8217;\u00e9coute, on regarde ce qu&#8217;il fait, et on peut lui poser des questions.<\/strong><\/p>\n<hr \/>\n<p style=\"text-align: center;\"><strong>L&#8217;ATELIER VIDEO<\/strong><br \/><strong>Deuxi\u00e8me mercredi du mois<\/strong><\/p>\n<p><strong><span style=\"color: #000000;\">Consacr\u00e9 au travail collectif sur les sc\u00e9narios et et les montages en cours. <br \/>La r\u00e9union n&#8217;est pas r\u00e9guli\u00e8re. Avant de vous d\u00e9placer, consulter l&#8217;agenda.<\/span><\/strong><\/p>\n<hr \/>\n<p style=\"text-align: center;\"><strong>LES SAMEDIS ET\/OU WEEK END DE TEMPS EN TEMPS<\/strong><br \/><strong><span style=\"color: #000000;\"> -Des formations, des sorties photos, la pr\u00e9paration d\u2019expositions sont organis\u00e9es \u00e9pisodiquement le vendredi soir, le samedi ou le week-end.<\/span><\/strong><\/p>\n<hr \/>\n<p style=\"text-align: center;\"><strong>\u00a0COMMENT SAVOIR TOUT CE QUI SE PASSE ?<\/strong><br \/><strong>(sans venir voir\u00a0 tous les jours sur cette page)<\/strong><\/p>\n<p style=\"text-align: center;\"><strong><span style=\"color: #000000;\">Toutes les r\u00e9unions et activit\u00e9s sont annonc\u00e9es au fil de l&#8217;eau, chaque semaine <\/span><\/strong><\/p>\n<ul>\n<li style=\"text-align: left;\"><strong><span style=\"color: #000000;\">sur la lettre d&#8217;information (s&#8217;nscire) <\/span><\/strong><\/li>\n<li style=\"text-align: left;\"><strong><span style=\"color: #000000;\">et sur l<span style=\"color: #0000ff;\">&#8216;<a href=\"http:\/\/oi-paris.com\/wordpress\/?page_id=1229\" target=\"_blank\" rel=\"noopener noreferrer\">Agenda<\/a><\/span>. <br \/>Il est conseill\u00e9 de v\u00e9rifier les dates et horaires avant de se d\u00e9placer, parce que parfois il ya des imponderables, des changements de derni\u00e8re minute.<\/span><\/strong><\/li>\n<\/ul>\n<p><strong><span style=\"color: #000000;\">\u00a0<\/span><\/strong><\/p>\n\n\n\n<p style=\"text-align: center;\">\u00a0<\/p>\n<hr \/>\n<p>\u00a0<\/p>\n<hr \/>\n<p>\u00a0<\/p>\n<hr \/>\n<p>\u00a0<\/p>\n<hr \/>\n<p style=\"text-align: center;\">\u00a0<\/p>\n<hr \/>\n<p>\u00a0<\/p>\n","protected":false},"excerpt":{"rendered":"","protected":false},"author":4,"featured_media":0,"parent":0,"menu_order":0,"comment_status":"closed","ping_status":"closed","template":"","meta":{"_acf_changed":false,"_oasis_is_in_workflow":0,"_oasis_original":0,"_uag_custom_page_level_css":"","footnotes":""},"class_list":["post-14851","page","type-page","status-publish","hentry"],"acf":[],"uagb_featured_image_src":{"full":false,"thumbnail":false,"medium":false,"medium_large":false,"large":false,"1536x1536":false,"2048x2048":false,"thumb-small":false,"thumb-standard":false,"thumb-medium":false,"thumb-large":false,"thumb-xlarge":false,"thumb-xxlarge":false,"mailpoet_newsletter_max":false},"uagb_author_info":{"display_name":"Jean Paul Petit","author_link":"https:\/\/oi-paris.com\/wordpress\/author\/jean-paul\/"},"uagb_comment_info":0,"uagb_excerpt":null,"_links":{"self":[{"href":"https:\/\/oi-paris.com\/wordpress\/wp-json\/wp\/v2\/pages\/14851","targetHints":{"allow":["GET"]}}],"collection":[{"href":"https:\/\/oi-paris.com\/wordpress\/wp-json\/wp\/v2\/pages"}],"about":[{"href":"https:\/\/oi-paris.com\/wordpress\/wp-json\/wp\/v2\/types\/page"}],"author":[{"embeddable":true,"href":"https:\/\/oi-paris.com\/wordpress\/wp-json\/wp\/v2\/users\/4"}],"replies":[{"embeddable":true,"href":"https:\/\/oi-paris.com\/wordpress\/wp-json\/wp\/v2\/comments?post=14851"}],"version-history":[{"count":31,"href":"https:\/\/oi-paris.com\/wordpress\/wp-json\/wp\/v2\/pages\/14851\/revisions"}],"predecessor-version":[{"id":16574,"href":"https:\/\/oi-paris.com\/wordpress\/wp-json\/wp\/v2\/pages\/14851\/revisions\/16574"}],"wp:attachment":[{"href":"https:\/\/oi-paris.com\/wordpress\/wp-json\/wp\/v2\/media?parent=14851"}],"curies":[{"name":"wp","href":"https:\/\/api.w.org\/{rel}","templated":true}]}}