{"id":1728,"date":"2015-08-14T13:50:31","date_gmt":"2015-08-14T11:50:31","guid":{"rendered":"http:\/\/oi-paris.com\/wordpress\/?page_id=1728"},"modified":"2024-01-15T21:50:47","modified_gmt":"2024-01-15T20:50:47","slug":"initiation-photoshop","status":"publish","type":"page","link":"https:\/\/oi-paris.com\/wordpress\/initiation-photoshop\/","title":{"rendered":"Initiation photoshop"},"content":{"rendered":"\n\n\n\n<p><strong><span style=\"color: #ff9900;\"><img loading=\"lazy\" decoding=\"async\" class=\"alignnone wp-image-1280 size-thumbnail\" src=\"http:\/\/oi-paris.com\/wordpress\/wp-content\/uploads\/2015\/08\/Photoshop_CC_icon-150x150.png\" alt=\"Photoshop_CC_icon\" width=\"150\" height=\"150\" srcset=\"https:\/\/oi-paris.com\/wordpress\/wp-content\/uploads\/2015\/08\/Photoshop_CC_icon-150x150.png 150w, https:\/\/oi-paris.com\/wordpress\/wp-content\/uploads\/2015\/08\/Photoshop_CC_icon-160x160.png 160w, https:\/\/oi-paris.com\/wordpress\/wp-content\/uploads\/2015\/08\/Photoshop_CC_icon-320x320.png 320w, https:\/\/oi-paris.com\/wordpress\/wp-content\/uploads\/2015\/08\/Photoshop_CC_icon.png 256w\" sizes=\"auto, (max-width: 150px) 100vw, 150px\" \/><\/span><\/strong><\/p>\n<p><span style=\"color: #000000;\"><strong>Initiation Photoshop et compl\u00e9ments pour photographes<\/strong><\/span><\/p>\n<p><strong><span style=\"color: #000000;\">Charles Vassallo (OI Tr\u00e9gor) propose un ensemble d&#8217;articles p\u00e9dagogiques tr\u00e8s accessibles sur Photoshop. Ces tutoriels s sont regroup\u00e9s en un ensemble de vid\u00e9os \u00e0 t\u00e9l\u00e9charger librement.<\/span><\/strong><\/p>\n<ul>\n<li><strong><a href=\"http:\/\/www.oitregor.com\/numeric\/tutos_PS\/\" target=\"_blank\" rel=\"noopener\">Acc\u00e9der aux tutoriels<\/a><\/strong><\/li>\n<\/ul>\n<p><strong><span style=\"color: #000000;\">D&#8217;autre part, <a href=\"http:\/\/www.oitregor.com\/wp\/\" target=\"_blank\" rel=\"noopener\">Objectif Image Tregor<\/a> propose une s\u00e9rie d&#8217;articles sur la photo num\u00e9rique \u00e9galement r\u00e9dig\u00e9s par Charles Vassallo\u00a0<\/span><\/strong><\/p>\n<ul>\n<li><strong><a href=\"http:\/\/www.oitregor.com\/numeric\/index_new_oit.html\" target=\"_blank\" rel=\"noopener\">Voir les pages consacr\u00e9es \u00e0 la photo num\u00e9rique<\/a><\/strong><\/li>\n<\/ul>","protected":false},"excerpt":{"rendered":"<p>Initiation Photoshop et compl\u00e9ments pour photographes Charles Vassallo (OI Tr\u00e9gor) propose un ensemble d&#8217;articles p\u00e9dagogiques tr\u00e8s accessibles sur Photoshop. Ces tutoriels s sont regroup\u00e9s en un ensemble de vid\u00e9os \u00e0 t\u00e9l\u00e9charger librement. Acc\u00e9der aux&#46;&#46;&#46;<\/p>\n","protected":false},"author":4,"featured_media":0,"parent":0,"menu_order":0,"comment_status":"closed","ping_status":"closed","template":"","meta":{"_acf_changed":false,"_oasis_is_in_workflow":0,"_oasis_original":0,"_uag_custom_page_level_css":"","footnotes":""},"class_list":["post-1728","page","type-page","status-publish","hentry"],"acf":[],"uagb_featured_image_src":{"full":false,"thumbnail":false,"medium":false,"medium_large":false,"large":false,"1536x1536":false,"2048x2048":false,"thumb-small":false,"thumb-standard":false,"thumb-medium":false,"thumb-large":false,"thumb-xlarge":false,"thumb-xxlarge":false,"mailpoet_newsletter_max":false},"uagb_author_info":{"display_name":"Jean Paul Petit","author_link":"https:\/\/oi-paris.com\/wordpress\/author\/jean-paul\/"},"uagb_comment_info":0,"uagb_excerpt":"Initiation Photoshop et compl\u00e9ments pour photographes Charles Vassallo (OI Tr\u00e9gor) propose un ensemble d&#8217;articles p\u00e9dagogiques tr\u00e8s accessibles sur Photoshop. Ces tutoriels s sont regroup\u00e9s en un ensemble de vid\u00e9os \u00e0 t\u00e9l\u00e9charger librement. Acc\u00e9der aux&#46;&#46;&#46;","_links":{"self":[{"href":"https:\/\/oi-paris.com\/wordpress\/wp-json\/wp\/v2\/pages\/1728","targetHints":{"allow":["GET"]}}],"collection":[{"href":"https:\/\/oi-paris.com\/wordpress\/wp-json\/wp\/v2\/pages"}],"about":[{"href":"https:\/\/oi-paris.com\/wordpress\/wp-json\/wp\/v2\/types\/page"}],"author":[{"embeddable":true,"href":"https:\/\/oi-paris.com\/wordpress\/wp-json\/wp\/v2\/users\/4"}],"replies":[{"embeddable":true,"href":"https:\/\/oi-paris.com\/wordpress\/wp-json\/wp\/v2\/comments?post=1728"}],"version-history":[{"count":6,"href":"https:\/\/oi-paris.com\/wordpress\/wp-json\/wp\/v2\/pages\/1728\/revisions"}],"predecessor-version":[{"id":16473,"href":"https:\/\/oi-paris.com\/wordpress\/wp-json\/wp\/v2\/pages\/1728\/revisions\/16473"}],"wp:attachment":[{"href":"https:\/\/oi-paris.com\/wordpress\/wp-json\/wp\/v2\/media?parent=1728"}],"curies":[{"name":"wp","href":"https:\/\/api.w.org\/{rel}","templated":true}]}}