{"id":57,"date":"2015-04-23T10:58:51","date_gmt":"2015-04-23T09:58:51","guid":{"rendered":"http:\/\/pierremphoto.legtux.org\/wp\/?page_id=57"},"modified":"2016-03-02T12:26:26","modified_gmt":"2016-03-02T10:26:26","slug":"le-5eme-mardi","status":"publish","type":"page","link":"https:\/\/oi-paris.com\/wordpress\/le-5eme-mardi\/","title":{"rendered":"Le 5\u00e8me mardi"},"content":{"rendered":"<p><span style=\"color: #000000;\">Lorsqu\u2019il existe un 5<sup>\u00e8me<\/sup> mardi dans le mois, Pierre-Emmanuel organise un petit jeu sous forme d\u2019une image envoy\u00e9e \u00e0 l\u2019avance que chacun peut r\u00e9interpr\u00e9ter de la mani\u00e8re qu\u2019il souhaite (retouches photo, diaporama\u2026). Les r\u00e9sultats sont compar\u00e9s lors de cette soir\u00e9e.<\/span><\/p>\n","protected":false},"excerpt":{"rendered":"<p>Lorsqu\u2019il existe un 5\u00e8me mardi dans le mois, Pierre-Emmanuel organise un petit jeu sous forme d\u2019une image envoy\u00e9e \u00e0 l\u2019avance que chacun peut r\u00e9interpr\u00e9ter de la mani\u00e8re qu\u2019il souhaite (retouches photo, diaporama\u2026). Les r\u00e9sultats&#46;&#46;&#46;<\/p>\n","protected":false},"author":2,"featured_media":0,"parent":0,"menu_order":0,"comment_status":"closed","ping_status":"closed","template":"","meta":{"_acf_changed":false,"_oasis_is_in_workflow":0,"_oasis_original":0,"_uag_custom_page_level_css":"","footnotes":""},"class_list":["post-57","page","type-page","status-publish","hentry"],"acf":[],"uagb_featured_image_src":{"full":false,"thumbnail":false,"medium":false,"medium_large":false,"large":false,"1536x1536":false,"2048x2048":false,"thumb-small":false,"thumb-standard":false,"thumb-medium":false,"thumb-large":false,"thumb-xlarge":false,"thumb-xxlarge":false,"mailpoet_newsletter_max":false},"uagb_author_info":{"display_name":"Rozenn D","author_link":"https:\/\/oi-paris.com\/wordpress\/author\/rozenn\/"},"uagb_comment_info":0,"uagb_excerpt":"Lorsqu\u2019il existe un 5\u00e8me mardi dans le mois, Pierre-Emmanuel organise un petit jeu sous forme d\u2019une image envoy\u00e9e \u00e0 l\u2019avance que chacun peut r\u00e9interpr\u00e9ter de la mani\u00e8re qu\u2019il souhaite (retouches photo, diaporama\u2026). Les r\u00e9sultats&#46;&#46;&#46;","_links":{"self":[{"href":"https:\/\/oi-paris.com\/wordpress\/wp-json\/wp\/v2\/pages\/57","targetHints":{"allow":["GET"]}}],"collection":[{"href":"https:\/\/oi-paris.com\/wordpress\/wp-json\/wp\/v2\/pages"}],"about":[{"href":"https:\/\/oi-paris.com\/wordpress\/wp-json\/wp\/v2\/types\/page"}],"author":[{"embeddable":true,"href":"https:\/\/oi-paris.com\/wordpress\/wp-json\/wp\/v2\/users\/2"}],"replies":[{"embeddable":true,"href":"https:\/\/oi-paris.com\/wordpress\/wp-json\/wp\/v2\/comments?post=57"}],"version-history":[{"count":1,"href":"https:\/\/oi-paris.com\/wordpress\/wp-json\/wp\/v2\/pages\/57\/revisions"}],"predecessor-version":[{"id":3546,"href":"https:\/\/oi-paris.com\/wordpress\/wp-json\/wp\/v2\/pages\/57\/revisions\/3546"}],"wp:attachment":[{"href":"https:\/\/oi-paris.com\/wordpress\/wp-json\/wp\/v2\/media?parent=57"}],"curies":[{"name":"wp","href":"https:\/\/api.w.org\/{rel}","templated":true}]}}