{"id":871,"date":"2015-07-04T15:19:32","date_gmt":"2015-07-04T13:19:32","guid":{"rendered":"http:\/\/pierremphoto.legtux.org\/wp\/?page_id=871"},"modified":"2020-01-26T14:32:31","modified_gmt":"2020-01-26T13:32:31","slug":"stages-ursif-ur-18","status":"publish","type":"page","link":"https:\/\/oi-paris.com\/wordpress\/stages-ursif-ur-18\/","title":{"rendered":"Stages URSIF"},"content":{"rendered":"<p><strong><img loading=\"lazy\" decoding=\"async\" class=\" alignnone wp-image-868 size-thumbnail\" src=\"http:\/\/oi-paris.com\/wordpress\/wp-content\/uploads\/2015\/04\/Logo-Ursif1-150x150.png\" alt=\"Logo Ursif\" width=\"150\" height=\"150\" \/><\/strong><\/p>\n<hr \/>\n<p><span style=\"color: #000000;\"><strong>Les formation organis\u00e9es par L&#8217;Union r\u00e9gionale du Sud de l&#8217;Ile de France (UR 18)<\/strong><\/span><\/p>\n<ul>\n<li><span style=\"color: #000000;\">L&#8217;UR 18 propose un grand nombre de formations et de stages aux adh\u00e9rents de la<\/span> <a href=\"http:\/\/federation-photo.fr\/\" target=\"_blank\" rel=\"noopener noreferrer\">F\u00e9d\u00e9ration Fran\u00e7aise de Photographie<\/a>.<\/li>\n<li><span style=\"color: #000000;\">L&#8217;adh\u00e9sion \u00e0 la FPF s&#8217;effectue en septembre aupr\u00e8s du<\/span> <a href=\"mailto:oi-paris-denisdugas@wanadoo.fr\">secr\u00e9tariat<\/a>.<\/li>\n<\/ul>\n","protected":false},"excerpt":{"rendered":"<p>Les formation organis\u00e9es par L&#8217;Union r\u00e9gionale du Sud de l&#8217;Ile de France (UR 18) L&#8217;UR 18 propose un grand nombre de formations et de stages aux adh\u00e9rents de la F\u00e9d\u00e9ration Fran\u00e7aise de Photographie. L&#8217;adh\u00e9sion&#46;&#46;&#46;<\/p>\n","protected":false},"author":4,"featured_media":0,"parent":0,"menu_order":0,"comment_status":"closed","ping_status":"closed","template":"","meta":{"_acf_changed":false,"_oasis_is_in_workflow":0,"_oasis_original":0,"_uag_custom_page_level_css":"","footnotes":""},"class_list":["post-871","page","type-page","status-publish","hentry"],"acf":[],"uagb_featured_image_src":{"full":false,"thumbnail":false,"medium":false,"medium_large":false,"large":false,"1536x1536":false,"2048x2048":false,"thumb-small":false,"thumb-standard":false,"thumb-medium":false,"thumb-large":false,"thumb-xlarge":false,"thumb-xxlarge":false,"mailpoet_newsletter_max":false},"uagb_author_info":{"display_name":"Jean Paul Petit","author_link":"https:\/\/oi-paris.com\/wordpress\/author\/jean-paul\/"},"uagb_comment_info":0,"uagb_excerpt":"Les formation organis\u00e9es par L&#8217;Union r\u00e9gionale du Sud de l&#8217;Ile de France (UR 18) L&#8217;UR 18 propose un grand nombre de formations et de stages aux adh\u00e9rents de la F\u00e9d\u00e9ration Fran\u00e7aise de Photographie. L&#8217;adh\u00e9sion&#46;&#46;&#46;","_links":{"self":[{"href":"https:\/\/oi-paris.com\/wordpress\/wp-json\/wp\/v2\/pages\/871","targetHints":{"allow":["GET"]}}],"collection":[{"href":"https:\/\/oi-paris.com\/wordpress\/wp-json\/wp\/v2\/pages"}],"about":[{"href":"https:\/\/oi-paris.com\/wordpress\/wp-json\/wp\/v2\/types\/page"}],"author":[{"embeddable":true,"href":"https:\/\/oi-paris.com\/wordpress\/wp-json\/wp\/v2\/users\/4"}],"replies":[{"embeddable":true,"href":"https:\/\/oi-paris.com\/wordpress\/wp-json\/wp\/v2\/comments?post=871"}],"version-history":[{"count":3,"href":"https:\/\/oi-paris.com\/wordpress\/wp-json\/wp\/v2\/pages\/871\/revisions"}],"predecessor-version":[{"id":9947,"href":"https:\/\/oi-paris.com\/wordpress\/wp-json\/wp\/v2\/pages\/871\/revisions\/9947"}],"wp:attachment":[{"href":"https:\/\/oi-paris.com\/wordpress\/wp-json\/wp\/v2\/media?parent=871"}],"curies":[{"name":"wp","href":"https:\/\/api.w.org\/{rel}","templated":true}]}}